lculate the remainder when t(17) is divided by 24.
9
What is the remainder when 24 is divided by (-43)/(-3) - 60/180?
10
Let x(q) = -4*q - 2. Let i be x(-4). Let y = i + 60. Calculate the remainder when y is divided by (6/8)/((-7)/(-28)) - -16.
17
Let v(f) = f**3 + 10*f**2 + 10*f + 5. Let j be v(-9). Let k be 5 - (4 + 2 + j). Suppose k*q - 22 = q. Calculate the remainder when 19 is divided by q.
8
Let s = -277 + 327. Calculate the remainder when s is divided by 7.
1
Suppose 3*c - 7*c + 8 = 0. What is the remainder when c is divided by 1*(-5 + 3 + 3)?
0
Let y = 92 + -44. What is the remainder when 427 is divided by y?
43
Let d(u) = -u**2 - 32*u + 172. What is the remainder when d(0) is divided by 44?
40
What is the remainder when 2/3 + (-7865)/(-33) is divided by 60?
59
Let p = -37 - -46. What is the remainder when 33 is divided by p?
6
Suppose 0*o = -2*o - 3*p - 2330, 5*p - 2314 = 2*o. Calculate the remainder when 84 is divided by (-2)/(-5) - o/70.
16
Suppose 44 = 1328*k - 1317*k. Suppose d = 3*o - 61, -o + 31 - 4 = 3*d. Calculate the remainder when o is divided by k.
1
Let s = -2 + 10. Calculate the remainder when 14 is divided by s.
6
Let h(w) = -w**3 + 12*w**2 + 20*w - 156. What is the remainder when h(7) is divided by 83?
63
Let w(s) be the second derivative of s**4/12 - 13*s**2/2 + 12*s. Calculate the remainder when 179 is divided by w(7).
35
Let d be 0/(-2) - 2 - -4. Suppose -8 + 2 = -d*y. Let i(n) = -2*n**3 + 15*n**2 - 18*n + 9. What is the remainder when i(6) is divided by y?
0
Let w = -428 + 549. Calculate the remainder when w is divided by 21.
16
Let y(l) = -9*l - 18. What is the remainder when 142 is divided by y(-6)?
34
Suppose 14*c = 16*c - 36. What is the remainder when 77 is divided by c?
5
Let z = 32 - 30. Suppose -z*y - 3*a + 44 = 0, -y - a + 33 = 11. Calculate the remainder when y is divided by 8.
6
Let m = -1058 - -1094. What is the remainder when 120 is divided by m?
12
Calculate the remainder when (145/15)/(5/15) is divided by 8.
5
Suppose 589 = 7*c - 146. Suppose -4*v = -h + c, 347 = 5*h + 5*v - 153. What is the remainder when h is divided by 15?
11
Suppose -222 = -3*r - 2*b, 5*r - 389 = b + 2*b. What is the remainder when r is divided by 40?
36
Let r(l) = l**3 + 13*l**2 + 2*l + 28. Suppose 2*q - 20 = 4*g - 9*g, q - 7 = -g. What is the remainder when r(-13) is divided by g?
0
Let i(f) = 2*f**2 + 18*f + 9. Let h be i(-10). Let d = 64 - h. Let y = -3 - -9. Calculate the remainder when d is divided by y.
5
Let s(m) = -m**3 - 8*m**2 + 17*m + 34. Calculate the remainder when 1085 is divided by s(-10).
61
Suppose 6*k + 221 = 3*t + 5*k, 0 = -5*t - 3*k + 345. Let h = -62 + t. Calculate the remainder when h is divided by 2.
0
Let z = 308 - 47. Calculate the remainder when z is divided by 33.
30
Let j be (-75)/20*2*4/(-6). What is the remainder when 120 is divided by (-82)/j*((-15)/(-2))/(-3)?
38
Let g = -7 - -20. Calculate the remainder when ((-3)/4)/(21/(-2520)) is divided by g.
12
Suppose 0 = -5*d + k + 19, 5*k + 31 = 5*d + k. Suppose -42 = d*w - 114. Calculate the remainder when 47 is divided by w.
23
Suppose -5*a + 20 = 3*q - 57, 122 = 4*q - 3*a. Calculate the remainder when q is divided by 19.
10
Let b = -560 - -605. Calculate the remainder when 169 is divided by b.
34
Let m = -479 - -519. What is the remainder when 1078 is divided by m?
38
Suppose 0 = 9*j - 12*j + 240. Suppose 16 = 4*v - j. Suppose 2*g - v = 4. Calculate the remainder when g is divided by 5.
4
Suppose 5*c + 14 = 9. What is the remainder when 134 is divided by (15/(-5) + -24)*c?
26
Let l be (-9)/9 + (80 - 0). Let r = 178 - l. Let j = -54 - -79. What is the remainder when r is divided by j?
24
Let q = -11 + 2. Let w(g) = g**2 + 4*g + 7. Calculate the remainder when w(q) is divided by 27.
25
Let w = -910 - -949. Calculate the remainder when 66 is divided by w.
27
Let c(n) = n**2 - 7*n + 12. Let p be c(7). Let u = p + -10. What is the remainder when 8 is divided by u?
0
Suppose -n + 5*s + 17 = -22, -5*s - 175 = -5*n. What is the remainder when 264 is divided by n?
26
Suppose -4*k = 4*o - 0*o - 12, -o + 5*k = -27. Suppose -4*q + 5*i = 30, -q - q - 2 = 4*i. What is the remainder when 29 - q/(10/(-8)) is divided by o?
4
Let l be -2 - ((-81)/(-3))/(-3). Let t = -4 + l. Calculate the remainder when ((-47)/t)/(2/(-6)) is divided by 12.
11
Let t = 20 + -6. What is the remainder when 165 is divided by t?
11
Suppose 11*b - 2803 = 3610. Calculate the remainder when b is divided by 45.
43
Suppose -9*w + 7*w = -26. Let n = w + -9. Calculate the remainder when 6 is divided by n.
2
Let q(o) = -2*o + 2 - o**2 + 0*o**2 + 2*o**2. Let t(w) = -w**2 + 60*w + 200. Calculate the remainder when t(62) is divided by q(6).
24
Let q be 65/(-25) + 3/5. Suppose 0 = 3*g + 2*l - 27, 26 = 3*g + 5*l - 1. What is the remainder when 62/4 + (-3)/q is divided by g?
8
Suppose 5*m = 5*d + 80, -4*m - 15*d + 16 = -11*d. Suppose 7*s - 204 = 4*s - 3*y, -2*y = 0. What is the remainder when s is divided by m?
8
Calculate the remainder when 494/14 - (231/(-49) + 5) is divided by (19/2)/(2/4) + 2.
14
Suppose -5*h = -3*o - 0*o + 126, -103 = -2*o - 3*h. Suppose 93 = 4*a - o. What is the remainder when a is divided by (-1 - (-48)/21)/(24/168)?
8
Suppose -4*z - 78 + 130 = 0. What is the remainder when 686 is divided by z?
10
Let p = 1114 + -1038. Suppose 4*o - 352 = -108. Let r = o - 41. Calculate the remainder when p is divided by r.
16
What is the remainder when ((-110)/(-44))/(5/276) is divided by 32?
10
Suppose -3*q + 15 = -0. Suppose 0 = k + 3*j - 18, k = -k + q*j + 3. Calculate the remainder when 34 is divided by k.
7
Let o be 2*(28/8 - 4) - 28. Let u = o + 40. What is the remainder when 20 is divided by u?
9
Suppose 12 = 3*j, l + 10 - 2 = 2*j. Suppose x - 4*x + 39 = -3*y, -2*x + 31 = -3*y. Suppose l = -g - 4 + x. What is the remainder when 13 is divided by g?
1
Suppose 256 = 6*x - 164. Suppose m - 15 = 9. Calculate the remainder when x is divided by m.
22
Let j(x) be the third derivative of 3*x**4/8 - 17*x**3/3 - 37*x**2. Calculate the remainder when j(10) is divided by 20.
16
Let x(l) = 0*l**2 - 24*l + 23*l + 19 + l**2. What is the remainder when x(6) is divided by 10?
9
Calculate the remainder when 41 is divided by (20/(-4))/(3/(-6)) - 1.
5
What is the remainder when -2 - -255 - (2 - 9) is divided by 51?
5
Calculate the remainder when 66 is divided by (-14)/(-84) - ((-125)/6 + 2).
9
Suppose 0 = -4*g, -u - g = g - 811. What is the remainder when u is divided by 74?
71
Let i(f) = 9*f - 18. Let x(w) = w - 1. Let u(r) = -2*i(r) + 42*x(r). What is the remainder when u(1) is divided by 11?
7
Suppose -23*h = -1854 - 515. What is the remainder when h is divided by 6?
1
Let h(l) = -l**3 - 4*l**2 + 4. Let m be h(-3). Let t be (-1 + (-4)/(-2))*-13. Let a = m - t. Calculate the remainder when 22 is divided by a.
6
Suppose d - 76 = -3*m, 0*m = -3*m - 4*d + 61. Suppose -5 = 2*w - m. What is the remainder when (-1)/((-2)/(-10))*-4 is divided by w?
9
Suppose 5*t - 21 - 24 = 0. Suppose -9*j + 5*j = -x + 9, -3*x - 5*j = -10. Calculate the remainder when x is divided by ((-48)/t)/4*-3.
1
Suppose 0 = 3*p + 3*q - 375, 0*p - 2*q = -p + 125. Suppose -p = -2*l + 29. What is the remainder when l is divided by 20?
17
Let z(u) = 42*u + 34. What is the remainder when z(10) is divided by 114?
112
Suppose -z - s = -46, -5*s + 12 = -z + 64. Calculate the remainder when 151 is divided by z.
10
Suppose -8 = -4*p, -172*p = 3*s - 177*p - 50. Suppose 5*o + 7 = 22. Calculate the remainder when (-2)/4*(o - 161) is divided by s.
19
Let r(u) = 6*u + 4 - 4 - 44*u. Let d(o) = 4*o + 1. Calculate the remainder when r(-1) is divided by d(3).
12
What is the remainder when 17 is divided by (-7*(-8)/56)/((-3)/(-15))?
2
Let w = -57 + 96. Let t = 127 - 72. Suppose -3*z - d - w = -169, 0 = -z + 2*d + t. Calculate the remainder when z is divided by 12.
9
Suppose -4*d - 102 = -2*k - 2*d, d + 247 = 5*k. What is the remainder when 90 is divided by k?
41
Suppose -12*g + 2507 = -1309. What is the remainder when g is divided by 47?
36
Calculate the remainder when (-33)/2*(-6 + 70/15) is divided by 9.
4
Suppose 4*j = -12 + 4. What is the remainder when j - -29*(3 + -2) is divided by 8?
3
Let d = -121 - -158. What is the remainder when d is divided by 15?
7